 27. What is the tens digit of d?
1
Let c = 365 + 52. What is the hundreds digit of c?
4
Suppose 0*o = 2*o. Suppose o = -3*u + 1 + 8. What is the units digit of u?
3
Suppose 0 = 5*t - t + 2*m - 84, 2*m = 4. What is the units digit of t?
0
Suppose -3*o + 6 = 2*s + 15, 3 = 2*s - o. Let d = s - -3. Suppose 3*y = 3*k - 21, 10 + 15 = d*k + y. What is the units digit of k?
8
Let d(j) = -j**3 + 6*j**2 + 9*j - 2. Let t be d(7). What is the units digit of 20/6 + (-4)/t?
3
What is the hundreds digit of (-1353)/(-6) + (1 - (-6)/12)?
2
What is the units digit of ((-6)/(-9))/((-14)/(-231))?
1
Let p be 3/5 + (-354)/(-10). Suppose 0 = -7*r + 4*r + g + 12, -5*r + g + 18 = 0. Suppose -p = -r*w - 6. What is the tens digit of w?
1
Let d be (-1 - -3) + -1 + 0. Let f = d - 0. What is the units digit of (-15)/(-3)*f/1?
5
Let x(s) = s**3 - 6*s**2 - 8*s + 9. Suppose -t = -4*t + 57. Let r = -12 + t. What is the units digit of x(r)?
2
Let x(i) = -63*i - 9. Let k be x(-3). Suppose 5*d = -0*d + k. What is the tens digit of d?
3
Let b(x) = x**2 + x + 1. What is the units digit of b(4)?
1
Suppose 0 = -2*r - 3*r + 50. Suppose -2 = 4*h - r. What is the units digit of h?
2
Let a be (-1)/(-2) - (-30)/12. Suppose -2*c = -a*c - 5*m - 17, -4 = -c + 2*m. What is the units digit of -3 + 2 - c*4?
7
Let s = -4 - -2. Let j(g) be the first derivative of -g**2 + g + 3. What is the units digit of j(s)?
5
Let d(u) be the second derivative of -11*u**5/5 + u**4/6 - u**2/2 + 2*u. Let i be d(-1). Suppose 4*k - i = -k. What is the units digit of k?
9
Let s = 115 + -45. Suppose s = k + 4*k. What is the units digit of k?
4
Let t = -7 + -2. What is the tens digit of (-8)/36 - 128/t?
1
Let p = -3 - -6. Suppose -9 = -5*x - 2*b, 5*b - 3*b - p = -3*x. Suppose x*z - 27 = d + 19, 0 = 5*z + d - 66. What is the units digit of z?
4
Let n(c) = -c**2 - 17*c - 25. What is the tens digit of n(-10)?
4
Suppose -3*m + 7*m + 25 = -f, 26 = -5*m + 4*f. Suppose -3*u + 32 = i, -3*i + 18 = 2*u + 6. Let k = m + u. What is the units digit of k?
6
What is the units digit of (-28)/98 + 228/14?
6
Suppose -3*i + 225 = 2*i. What is the units digit of 415/i - 4/18?
9
Let s be (-16)/(-6)*(1 + 2). Let g = s - 3. Suppose -g + 3 = -2*w. What is the units digit of w?
1
Let t = 24 - 5. What is the units digit of t?
9
Suppose 4*j = -0*j + 64. Suppose 5*a - a = j. Suppose -4*i = -0*i - a. What is the units digit of i?
1
Let w(h) = -3*h + 1. Suppose i = -2*l, l + 0 - 1 = 0. Let d be w(i). Let c = d - 1. What is the units digit of c?
6
Let n(f) = -f**2 - 9*f + 7. Let b be (-6 - -1) + 0 + -3. What is the tens digit of n(b)?
1
Let v(h) = -2*h**3 - 2*h**2 - 2*h - 2. Let r be (2 + 1)/(-3)*-8. Let o = 6 - r. What is the tens digit of v(o)?
1
Suppose -g - 230 = -3*g. What is the units digit of g?
5
Let j(u) = -2*u**3 - 9*u**2 + 7*u - 10. What is the units digit of j(-7)?
6
What is the units digit of (6 - 95)*-1 - 1?
8
Suppose 2*s = 5*z + 6*s - 191, 2*z - 2*s - 80 = 0. Suppose 1 + z = 4*j. What is the units digit of j?
0
Suppose 24 = r - 5*t + 2, -5*r = 5*t + 10. Suppose 2*o = 7*o + 5*y - 40, 0 = 2*o - r*y + 4. What is the units digit of o?
3
Let d(f) = -4*f - 1. Let l be d(1). Let g be (-1)/l + 19/5. Suppose 2 = g*c - 2. What is the units digit of c?
1
Let m(w) = 4*w**3 + w - 1. Let p be 2/4 - (-8)/16. Let z be m(p). Suppose -3*y - 5*l = -53, -y - z*l = -28 + 1. What is the tens digit of y?
1
Suppose 3*y + 2*y - 1 = 2*z, 2*y + 2*z = 6. What is the units digit of (-123 - y)*(-6)/24?
1
Suppose -j + 4*j = 54. What is the units digit of j?
8
Let u(p) = 6*p - p - 6*p + 1. What is the units digit of u(-4)?
5
Suppose -14 + 2 = -4*b. Suppose 8 = b*r - 25. What is the units digit of r?
1
Suppose 0 = 3*t - n - n - 24, -8 = -t + 5*n. What is the tens digit of (t + -9)/((-2)/60)?
3
Let i(y) be the third derivative of 3/8*y**4 - 5/6*y**3 + 1/120*y**6 - 4*y**2 - 3/20*y**5 + 0 + 0*y. What is the units digit of i(8)?
3
Suppose -85 = 5*y + 40. Let z = 52 + y. What is the units digit of z?
7
Suppose 4*t - 304 = 4*q, -2*t + 3*q = -4*t + 132. What is the tens digit of t?
7
Suppose 0*x - 2*x + 24 = 0. Let n(v) = -v**3 - 6*v**2 - 2*v - 9. Let b be n(-6). Suppose 3*z + 3*u = x, b*z + 2*u - 4 = 5*z. What is the units digit of z?
1
Let x = -8 - -1. What is the units digit of 2 - ((1 - 0) + x)?
8
Let c = -17 + 28. Suppose 0 = -2*f - c - 5. Let y = f - -17. What is the units digit of y?
9
Let q = -104 - -164. What is the units digit of q?
0
Let n(a) = -a**2 + 25*a + 20. What is the hundreds digit of n(9)?
1
Let z(t) = 2*t + 4. Suppose s + 4*o = 4*s - 19, 5*o = -5. Let v be z(s). Suppose 1 = -y + v. What is the tens digit of y?
1
Let q(u) = -3*u - 1. Let y be q(-1). Suppose 3*l = -2*l + 20. Let x = y + l. What is the units digit of x?
6
Let j be (1/(-2))/(3/(-6)). Let l(p) be the third derivative of 11*p**6/120 + p**4/12 - p**3/6 + 3*p**2. What is the units digit of l(j)?
2
Suppose -23 = -2*u - 9. Suppose 0 = 3*w - 8 - u. What is the units digit of w?
5
Suppose 3*l + 5*v + 6 = 0, -l - 9 = 6*v - 2*v. Let w(n) = -3*n**2 + 15*n**3 + 0 - 1 - 1 + 2*n - 14*n**3. What is the units digit of w(l)?
4
Let f(q) = q + 13. Let m be f(-10). Suppose -4*t - 168 = -5*s, 0*s + 154 = 5*s + m*t. What is the units digit of s?
2
Let i(j) = 8 + 0*j**2 + 0*j + 0*j**2 - 8*j - j**2. Let x be i(-8). Let z(f) = f + 2. What is the units digit of z(x)?
0
Suppose 3*a = -5*s + 20, 0*s = 5*a + 5*s - 40. Let t be 8/(-20) + (-654)/(-10). What is the units digit of t/a - 2/4?
6
Suppose -644 = -5*b - 4*v, 3*b + 0*b - 3*v - 408 = 0. What is the tens digit of b?
3
Let v = -19 - -82. What is the tens digit of v?
6
Suppose 12*g - 14*g = -20. Let j(h) = -h - 5. Let i be j(-5). Suppose -3*p + 26 + g = i. What is the tens digit of p?
1
Let q(j) = 6*j**2 + 8*j - 21. What is the hundreds digit of q(-6)?
1
Let g be 1*2 + 2 + 6. Let t be (-86)/10 + g/(-25). What is the tens digit of (-22)/(-3)*t/(-6)?
1
Suppose -3 = z - 2*z. Let n = 5 - z. Let g = n + 2. What is the units digit of g?
4
Suppose 3*z - z + 4 = 0, 4*z - 136 = -a. What is the units digit of a?
4
Suppose 0 = 7*q - 2*q - 25, -5*s + 45 = 5*q. Suppose -5*d = 3*g + g + 41, -s*g - 21 = d. Let x = g - -13. What is the units digit of x?
9
Let j be 5 - (6*1/(-2) + 0). Let w be -2*1*(-2 + 1). Suppose -u + j = h, -3*u = -h - w*u. What is the units digit of h?
4
Suppose 4*d - 4 = 8. Suppose -t + 228 = d*t. What is the tens digit of t?
5
Let p(b) be the third derivative of -1/60*b**5 + 0*b - 2*b**2 + 1/3*b**3 - 1/120*b**6 + 5/24*b**4 + 0. What is the units digit of p(-3)?
5
Suppose g - 5*x + 30 = -2*g, -2*x = -6. Let j = 23 + -13. Let c = j + g. What is the units digit of c?
5
Let o be 2 - 1*(-1 + -6). What is the tens digit of o + 1 + -2 + 2?
1
Let c = 1 - -26. What is the units digit of c?
7
Let w(d) = -30*d - 5. Let t(z) = -z + 1. Let v(i) = -4*t(i) - w(i). What is the units digit of v(1)?
5
Let l be (14 - 2)/2 + -2. Suppose 2*f = l*f - 14. Suppose 0 = 4*x - f*x + 30. What is the tens digit of x?
1
Let o = -4 - -2. Let x be 3 + (o + 3 - 0). Suppose 0*y = x*y - 32. What is the units digit of y?
8
Let c(l) = -2*l. Let h be c(-2). What is the units digit of -1 + h + 3 + -2?
4
Let o = 281 - 171. What is the tens digit of o?
1
Let f be 4/(-18) - 145/(-45). Suppose 50 = f*g - n, -2*g - 5 + 39 = -n. What is the units digit of g?
6
Let p = -24 - -28. What is the units digit of (7/p)/((-6)/(-72))?
1
Let l(g) = 3*g**2 + 4*g + 7. What is the tens digit of l(4)?
7
Suppose -41 = -4*u + 51. What is the tens digit of u?
2
Let d(p) = -p + 4. Let a be 1/(-2) - (-36)/(-8). Let h = a + -2. What is the units digit of d(h)?
1
Let q(n) = -n**3 - 10*n**2 - 8*n + 2. Let k be q(-9). Let w = k - -43. What is the units digit of w?
6
What is the units digit of ((-368)/(-24))/((-4)/(-18))?
9
Let s(h) = -h**2 + 10*h - 8. Let a be s(6). What is the tens digit of -28*2*(-4)/a?
1
Suppose 0 = x + 3*o - 150, 2*o - 564 = -5*x + 147. What is the hundreds digit of x?
1
Let g be (0 - 1)/1 + 2. What is the units digit of (1/2)/(g/14)?
7
Suppose 4*n = 2*j - 0*j + 312, 3*n - 216 = -3*j. What is the units digit of n?
6
Let j = -4 - -16. Suppose -4*o + j = -16. What is the units digit of o?
7
Suppose -2*s - 22 = -4*c, -10 = -5*s + 2*c - 33. Suppose -24 = 3*y - 6*y. What is the units digit of 9/5*(y + s)